
78
What is the value of -75 + -1 + -13587 + 13681?
18
What is the value of (-6 + (-9 - -19) - -35) + 4?
43
Evaluate 1 + 59 + 31 + -62 + 53.
82
What is -3 + -1 + -75 + 86 + 6?
13
Calculate (-11 + (-3 - -12) - 3) + (6 - (10 - -11)).
-20
What is the value of -2 + (-13 - -10 - (5 - (-5 - -5))) + 85?
75
What is the value of -93 - (-20 - (4 + -34) - (11 + -3))?
-95
Calculate -240 + 247 - (-13 - -2) - 16.
2
-22 + 76 - -15 - -4 - (8 - -8)
57
What is -22 - (1 - (17 - 4) - (-17 + 109))?
82
Evaluate -91 + 40 + -8 - -41.
-18
(-293 - -58 - -252) + (-1 - (-1 - 16))
33
267 + -341 + 144 + 1
71
What is (18 - 0) + -42 + 16 - -16?
8
Evaluate (39 - -19 - 47) + 24.
35
(42 - (43 + 35) - -83) + -18
29
Calculate (-4494 - -4486) + 3 + (59 - -1).
55
Evaluate 24 + (-7 - (-38 + 13)).
42
Calculate (-345 + 328 - (4 + -44)) + 28.
51
What is the value of -4 - ((15 + 11 - 2) + -5 + -6)?
-17
Evaluate -51 - -38 - 41 - (-1 + -18).
-35
Evaluate -63 - 0 - (-5 + (-3 - (-22 + 7)) + -8).
-62
What is (21 - 77 - -45 - 1) + -14 + -1?
-27
What is the value of -16 + 0 + (31 - (29 - -3)) - -2?
-15
-30 - (73 + -64 + -13 + 7 + (1 - 2))
-32
Calculate -9 + -3 - (130 + -227).
85
Calculate (-2430 - -2393) + 41 + 1.
5
What is the value of -58 + -54 - -46 - -16?
-50
Calculate 8 - (2 - (19 - -31)).
56
Evaluate 1 + -20 - (38074 - 38024).
-69
Evaluate 9 + (0 - 9) + -2 + (0 - -9) + -14.
-7
What is the value of -28 + 13 - 10 - -28 - (4 + 1)?
-2
-3 - 1 - (2 - (-4 - (-3 - (-23 + 8))))
-22
Calculate (-23 - -91 - 60) + 12 + 0.
20
Calculate (-2 + 8 - -8 - (25 - -14)) + -2.
-27
Evaluate (-9357 - -9507) + -12 + -2.
136
What is (45 - 53) + 3 + -23 + 1?
-27
-23 - (1 - (35 + -17 - 14))
-20
What is the value of 1 - -101 - (-13 + 1 + (20 - -17 - 29))?
106
Calculate 53 + (-18 - -64 - 25) + (5 - 26).
53
Evaluate -60 + 63 - (9 - (-7 - -18)).
5
-4 - -38 - 43 - 21
-30
Calculate (-10 - -79 - (-1 - -13)) + -15.
42
What is the value of 0 + (2 - (10 - (5 - -6))) - 3?
0
-34 + 9 + -1 + 17 + 14 - 67
-62
Calculate -8 + 5 + (119 - (-8 + (18 - 18) + 18)).
106
What is the value of (11 - (-1 + 4)) + -18 + 50 + 11 + -30?
21
Calculate 1 + -53 + (5 + (5 - -2) - (-123 + 133)).
-50
Evaluate 0 + 4 + -89 - ((19 + -13 - 22) + 12).
-81
Evaluate -2 - -1 - (23 + -25 + 34 + (2 - 0)).
-35
Evaluate (13 + -2 - 22) + 0 + 4 + 10.
3
What is -98 - ((-2 - 3 - 5) + (3 - 7))?
-84
What is 10 + (-3 - 0) - ((38 - 22 - 16) + -21)?
28
What is the value of -3 - (22 + -2 + -11 - -1)?
-13
What is the value of -34 - (5 + -10 + 35 + -27)?
-37
What is (-9 - -36) + -53 + -47?
-73
Evaluate (-29 - -2) + -99 + (-63 - -101).
-88
Calculate -12 + (51 - (-200 + 200 + (7 - -1))).
31
Evaluate 27 + (-41 - (-148 + 69)).
65
Evaluate (11 - (36 - 10)) + (129 + -1 - (-74 - -91)).
96
-118 + (-27 - (-82 + 61 + -24))
-100
What is -14 + (-8 - (14 - 15 - -5)) + 10?
-16
What is the value of 389 + -379 + 0 + -6 + 4?
8
Evaluate -15 + 0 + -12 - (-4 - (9 + -3)).
-17
What is (13 - 0) + -393 + 415 + -66?
-31
Evaluate 72 - (8 + (-75 - -78)).
61
What is (7 - 7) + (-17 - 2) + (-1141 - -1123)?
-37
Evaluate 1 - (10 - 21) - 25 - -58.
45
What is the value of -176 + 164 - (-29 - 11)?
28
11 + (2 - -69 - (-73 + 59 + -10))
106
-73 + 106 + -155 + 106
-16
What is the value of (1 - -11) + -31 + 6 + 2 + -1?
-12
33 - ((93 - (-1 - -42)) + 43)
-62
Evaluate (-59 - -47) + (2 - -10) + (11 - -6).
17
Calculate 1 + -7 - (-18 - (4 - (17 + -10))).
9
Evaluate -29 - (-19 + 9 + 19 - 4).
-34
What is the value of (-7 - 0) + 18 + 70 + -71?
10
Calculate (-17 + 37 + -22 - 19) + -9.
-30
Calculate 57 - (24 + 22 + -27).
38
What is the value of -93 + (-89 - -288) + -114?
-8
Calculate -77 - (16 - (-96 + 106)).
-83
29 + (107 + -37 - 46)
53
Calculate -50 + (-1 - -2) - (-1102 - -1080).
-27
Calculate 62 + (-36 - 23 - -33).
36
Evaluate 7 - (-112 - (-54 - 4)).
61
Evaluate (24 - 20 - 33) + 26 + -4.
-7
What is the value of (6 + -1 - (-22 + 29)) + (2 + 2 - 14)?
-12
Evaluate -72 - (23 + (-114 - -39)).
-20
Evaluate (64 - (-217 + 281)) + (-2 - (79 - (-2 + 1))).
-82
What is the value of -88 - (-108 - 37) - 92?
-35
What is -15 + -19 + 1 + 29 - (1 - -44)?
-49
Evaluate (-2 - 13) + -5 + 21 + 7 + (-20 - 12).
-24
(450 - 441) + (4 - (0 - -4)) + 42
51
What is the value of (38 - 11) + -20 + -11 - 0?
-4
What is 57 - (-5 + 31 + -54 - 1)?
86
What is the value of (16 - ((1 - 18) + 43) - -17) + 68?
75
Calculate -8 - (-19 - (26 + (-11 - 47))).
-21
What is the value of -2 - (5 - -9 - 1) - (-66 + -21 + -9)?
81
Evaluate -16 + (97 - (148 + -165 + (1 - -5))).
92
Evaluate (19 - -30) + -80 + -1.
-32
-69 + (-19 - -51) + 58
21
112 - (-32 - (-126 + 13))
31
What is (1 - -1) + -5 + 64 + 2 - (6171 + -6158)?
50
Calculate (17 - (19 - (6 - -18))) + 9.
31
Evaluate 129 + (-31 + 43 - 144).
-3
Evaluate (-7 - 0) + (-91 - -221 - 224).
-101
Evaluate -8 - -89 - (71 + 20 + -48).
38
Evaluate 0 + 2 + (-20 - (0 - -11 - (6 + -2))).
-25
What is the value of ((13 - 9) + -1 - ((16 - 1) + -8)) + -53?
-57
What is the value of 169 - (-93 - -237 - 55)?
80
-49 + (23 + -47 - -6)
-67
22 + (2 - (1 - 1)) + 8388 + -8382
30
Calculate 328 + -89 + -19 - 108.
112
What is (-51 - (9 + (-2 - 7))) + 14 + -6?
-43
Evaluate 33 + (5 - 5 - -2) + 156 + -158.
33
What is -11 + (35 - 21) - (7 - -2) - -12 - -13?
19
What is the value of -37 - (54 + -96 + 26)?
-21
(15 - 1) + (1 - (0 + 68)) + (92 - 99)
-60
5 + (-53 - (4 + -13 + (23 - 12)))
-50
Evaluate 26 + 0 - (-37 + -25 - -67).
21
Calculate -54 + -84 + 31 - -223.
116
Calculate -2 + -76 - (148 - (161 - 26)).
-91
-206 + (47 - (-71 - 13))
-75
Evaluate (-27 - 4) + 48 + -2 + 6.
21
1 + (10 - 114) - (131 + -133)
-101
Evaluate 5 + ((31 - 9) + 1 + -32 - -3).
-1
What is the value of -6 + (0 - (4 - 14) - 9)?
-5
Evaluate (4 + -221 - -104) + 113.
0
What is -11 - (-7 + (-121 - -1) + -68 + 82)?
102
Calculate (4 + 16 - 18 - 2) + (-7 - 2).
-9
What is the value of (-2216 - -2183) + -2 + 0?
-35
Calculate 24 + (23 - 46 - (3 + 25)).
-27
What is the value of 40 + -15 + -63 + 98?
60
Calculate (4 - -30) + 31 + -27 - -56.
94
What is the value of 16 + (6 - (21 - 5) - -4) + 51?
61
Evaluate -115 + -91 + 149 - 29.
-86
What is 74 - (-16 + (95 - 9))?
4
What is -416 - -453 - (23 - 0) - 33?
-19
What is -66 + 98 - (14 + 22)?
-4
What is the value of -3 + 13 + (1 + -45 - (-64 - -62))?
-32
Calculate 14 - (-1 - (-12 + (2 - 9 - -5))).
1
Evaluate 22 + -45 - (2 - (16 - 0)).
-9
What is the value of (-2 - 30) + (421 - 402) - (2 - (-76 - 6))?
-97
What is (-31 - 2 - -47) + 1 + -78 - (-5 + 0)?
-58
Evaluate 41 - 29 - 13 - ((6 - -2) + 3).
-12
Calculate (-68 - -23) + (36 - 9).
-18
Calculate -32 + -10 + (-5 + -2 - -9).
-40
(-5 + (13 + -9 - -13) - 12) + -96
-96
What is (3 + -1 - -37) + -44 + 24 + 13?
32
What is 141 + -160 - (23 + -1) - -17?
-24
51 + (57 - (36 - (-51 + 47)))
68
What is -503 + 456 + 1 + 6?
-40
Calculate 9 - (-28 - (-99 + (4 - -26))).
-32
What is the value of -6 - (13 - 2 - -8) - 3?
-28
Calculate (15 - (23 - 115)) + 195 + -221.
81
(3 - -20 - 62) + 38
-1
Calculate -1 - 15 - (-31 - (100 - 73)).
42
Evaluate 17 + (4 - -34) + 24 - 12.
67
Evaluate -20 + (4 - (-2 + 8)) + 13.
-9
What is the value of (-93 - (-39 - 53)) + (-9 - 0)?
-10
What is the value of (-4 + (18 - 9) - (9 - 18)) + -27?
-13
Evaluate (8 + 9 - (2 + 3) - 4) + -12 + 32.
28
What is 28 + -46 + -72 + 81?
-9
What is the value of 15 - ((-51 - -41) + 69)?
-44
What is the value of 6 + -1 + (9 - -1) + 1070 + -1079 + -7?
-1
Calculate -38 - (-24 + -8 + 22 + -7).
-21
What is -5 - 135 - (-1 - 16) - (3 + 7 - 4)?
-129
What is -49 + ((-5 + -1 - 1) + 17 - 7) - -7?
-39
12582 + -12516 - (0 - 2 - (-1 - 7))
60
What is the value of -1 + 6 - ((2 - 12 - 8) + 77)?
-54
Calculate 23 + 1 - (-203 + (286 - 64)).
5
182 + -43 + -58 - ((5 - 2) + 6)
72
Evaluate -170 - -154 - (-4 - 1) - -3 - (-5 - 39).
36
Evaluate 122 - (-101 - -121) - (-3 + 28).
77
67 + 25 + -109 + 46
29
Calculate (18 - -4) + (21 - 31) - -6.
18
What is (1 - (-1 - 9)) + (-52 - (-4 + -8))?
-29
(-9 - 95 - -10) + -39 + 38 + -20
-115
-4390 + 4400 - (-41 + -1 + 1)
51
What is (17 - (0 + 1 + 2)) + (17 - -5)?
36
Evaluate 21 + 2 + (4 - (14 - (-22 + 20))).
11
What is the value of -26 + (-16 + (-33 - -48) - 14)?
-41
What is the value of -30 + 29 + 9 - (3 + -18)?
23
57 - (37 - (29 - 74))
-25
Evaluate -80 - (-204 - -119) - (-1 + -13).
19
Calculate 102 + -179 + 49 - (0 + -6).
-22
Evaluate -18 - -2 - (-37 + 142 - 38 - -19